{"id":93,"date":"2015-07-09T18:08:07","date_gmt":"2015-07-09T23:08:07","guid":{"rendered":"https:\/\/2015.mexico.wordcamp.org\/?page_id=93"},"modified":"2015-09-14T14:04:12","modified_gmt":"2015-09-14T19:04:12","slug":"home","status":"publish","type":"page","link":"https:\/\/mexico.wordcamp.org\/2015\/","title":{"rendered":"WordCamp Mexico 15"},"content":{"rendered":"<p>Estamos felices de anunciarles que WordCamp M\u00e9xico 2015 es oficialmente un hecho.<\/p>\n<p>WordCamp es un evento organizado por la comunidad de WordPress en M\u00e9xico, el CMS m\u00e1s popular hoy en d\u00eda. Desarrolladores, editores y blogueros todos juntos en un mismo lugar.<\/p>\n<h3>\u00a1El evento ser\u00e1 el 6 de noviembre de 2015 en la Universidad Iberoamericana (Sta. Fe Ciudad de M\u00e9xico)!<\/h3>\n<p><img decoding=\"async\" class=\"alignnone size-large wp-image-317\" src=\"https:\/\/2015.mexico.wordcamp.org\/files\/2015\/07\/wordcamppp-1024x508.jpg\" alt=\"wordcamppp\" width=\"860\" srcset=\"https:\/\/mexico.wordcamp.org\/2015\/files\/2015\/07\/wordcamppp-1024x508.jpg 1024w, https:\/\/mexico.wordcamp.org\/2015\/files\/2015\/07\/wordcamppp-300x149.jpg 300w, https:\/\/mexico.wordcamp.org\/2015\/files\/2015\/07\/wordcamppp-500x248.jpg 500w\" sizes=\"(max-width: 1024px) 100vw, 1024px\" \/><\/p>\n<p><img loading=\"lazy\" decoding=\"async\" class=\"alignnone size-full wp-image-458\" src=\"https:\/\/2015.mexico.wordcamp.org\/files\/2015\/07\/flyer1.jpg\" alt=\"flyer\" width=\"700\" height=\"400\" srcset=\"https:\/\/mexico.wordcamp.org\/2015\/files\/2015\/07\/flyer1.jpg 700w, https:\/\/mexico.wordcamp.org\/2015\/files\/2015\/07\/flyer1-300x171.jpg 300w, https:\/\/mexico.wordcamp.org\/2015\/files\/2015\/07\/flyer1-500x286.jpg 500w\" sizes=\"auto, (max-width: 700px) 100vw, 700px\" \/><\/p>\n<p>si necesitas contactarte con nosotros, escr\u00edbenos en:\u00a0<a href=\"https:\/\/2015.mexico.wordcamp.org\/contacto\/\" target=\"_blank\">https:\/\/2015.mexico.wordcamp.org\/contacto\/<\/a><\/p>\n","protected":false},"excerpt":{"rendered":"<p>Estamos felices de anunciarles que WordCamp M\u00e9xico 2015 es oficialmente un hecho. WordCamp es un evento organizado por la comunidad de WordPress en M\u00e9xico, el CMS m\u00e1s popular hoy en d\u00eda. Desarrolladores, editores y blogueros todos juntos en un mismo lugar. \u00a1El evento ser\u00e1 el 6 de noviembre de 2015 en la Universidad Iberoamericana (Sta. &hellip; <a href=\"https:\/\/mexico.wordcamp.org\/2015\/\" class=\"more-link\">Seguir leyendo <span class=\"screen-reader-text\">WordCamp Mexico 15<\/span> <span class=\"meta-nav\">&rarr;<\/span><\/a><\/p>\n","protected":false},"author":14441668,"featured_media":0,"parent":0,"menu_order":0,"comment_status":"closed","ping_status":"closed","template":"","meta":{"_crdt_document":"","jetpack_post_was_ever_published":false,"footnotes":""},"class_list":["post-93","page","type-page","status-publish","hentry"],"jetpack_sharing_enabled":true,"jetpack_shortlink":"https:\/\/wp.me\/P69eUF-1v","_links":{"self":[{"href":"https:\/\/mexico.wordcamp.org\/2015\/wp-json\/wp\/v2\/pages\/93","targetHints":{"allow":["GET"]}}],"collection":[{"href":"https:\/\/mexico.wordcamp.org\/2015\/wp-json\/wp\/v2\/pages"}],"about":[{"href":"https:\/\/mexico.wordcamp.org\/2015\/wp-json\/wp\/v2\/types\/page"}],"author":[{"embeddable":true,"href":"https:\/\/mexico.wordcamp.org\/2015\/wp-json\/wp\/v2\/users\/14441668"}],"replies":[{"embeddable":true,"href":"https:\/\/mexico.wordcamp.org\/2015\/wp-json\/wp\/v2\/comments?post=93"}],"version-history":[{"count":13,"href":"https:\/\/mexico.wordcamp.org\/2015\/wp-json\/wp\/v2\/pages\/93\/revisions"}],"predecessor-version":[{"id":460,"href":"https:\/\/mexico.wordcamp.org\/2015\/wp-json\/wp\/v2\/pages\/93\/revisions\/460"}],"wp:attachment":[{"href":"https:\/\/mexico.wordcamp.org\/2015\/wp-json\/wp\/v2\/media?parent=93"}],"curies":[{"name":"wp","href":"https:\/\/api.w.org\/{rel}","templated":true}]}}